(x) = -134*x + 815. Give y(6).
11
Let h(n) = -18*n - 57. Determine h(-3).
-3
Let b(q) = 30*q + 103. What is b(-2)?
43
Let x(f) = f**3 - 19*f**2 + 85*f - 67. Determine x(5).
8
Let a(o) = -14*o**2 - 81*o + 80. Give a(1).
-15
Let z(q) = 22*q**2 + 262*q + 1. What is z(-12)?
25
Let t(h) = -24*h - 236. Calculate t(14).
-572
Let c(v) = -v + 74. Determine c(-49).
123
Let p(o) = -1289*o**2 + 6448*o - 12. Determine p(5).
3
Let y(u) = 86*u - 953. Determine y(11).
-7
Let s(c) = 4*c**2 - 173*c + 25. Calculate s(42).
-185
Let y(g) = 445*g + 3580. Determine y(-8).
20
Let a(s) = 61*s + 1047. Determine a(-17).
10
Let u(g) = 35*g - 369. What is u(14)?
121
Let c(m) = -520*m + 4166. Calculate c(8).
6
Let i(l) = 508*l + 4561. What is i(-9)?
-11
Let u(d) = -2*d**3 + 48*d**2 + 2*d + 37. Give u(24).
85
Let n(u) = u**3 + 12*u**2 - 31*u - 73. Give n(-14).
-31
Let i(a) = -a**3 + 8*a**2 - 3*a + 2. What is i(7)?
30
Let u(w) = w**2 + 342*w + 6445. What is u(-20)?
5
Let x(s) = 4*s**2 - 4*s + 5. Calculate x(3).
29
Let i(m) = 185*m**2 + 1290*m + 6. Determine i(-7).
41
Let c(b) = 7*b - 856. What is c(123)?
5
Let b(v) = -v**3 - 63*v**2 - 66*v + 364. Give b(-62).
612
Let k(f) = 2*f**3 + 66*f**2 + 134*f + 311. What is k(-31)?
1
Let p(l) = 691*l + 3766. Give p(-5).
311
Let n(k) = 1473*k - 263670. Determine n(179).
-3
Let y(r) = 4*r**2 + 161*r - 107. Calculate y(-41).
16
Let i(r) = -r**2 + 10*r - 24. Give i(20).
-224
Let u(n) = n**2 - 93*n + 1460. What is u(25)?
-240
Let w(y) = -2*y**2 - 237*y - 1767. What is w(-8)?
1
Let a(x) = 14*x**2 + 355*x + 35. Calculate a(-25).
-90
Let z(i) = 37*i**2 + 284*i - 571. Give z(2).
145
Let w(v) = v**2 + 7*v - 262. Give w(13).
-2
Let d(v) = -25*v**2 - 287*v - 126. Give d(-11).
6
Let f(o) = -95*o - 789. Determine f(-8).
-29
Let x(i) = -2*i**3 - 79*i**2 - 171*i - 5149. Calculate x(-39).
-1
Let g(c) = 3*c**3 + 65*c**2 + 99*c - 38. Give g(-20).
-18
Let n(h) = h**3 + 19*h**2 + 68*h - 8. Calculate n(-7).
104
Let z(t) = 3*t**2 - 45*t + 142. What is z(10)?
-8
Let n(h) = -h**2 + 26*h + 1403. Determine n(53).
-28
Let b(w) = -w**3 + 5*w**2 + 55*w - 246. Give b(5).
29
Let a(m) = -m**3 + 12*m**2 - 5*m + 189. Give a(12).
129
Let y(c) = -6*c**3 + 180*c**2 + 8*c - 71. What is y(30)?
169
Let u(x) = -28*x + 586. Give u(21).
-2
Let n(h) = 2*h**3 + 194*h**2 + 185*h - 663. What is n(-96)?
9
Let b(i) = -2*i**3 + 220*i**2 + 436*i + 1349. Calculate b(112).
5
Let b(t) = -t**3 - 27*t**2 + 11*t + 164. Calculate b(-27).
-133
Let q(a) = -14*a**2 + 8*a + 36. Calculate q(-3).
-114
Let g(o) = 111*o - 262. Give g(3).
71
Let a(s) = 2*s + 394. Give a(-4).
386
Let n(h) = -105*h + 1997. What is n(19)?
2
Let u(z) = -z**3 - 12*z**2 - 65*z - 119. Determine u(-3).
-5
Let c(s) = -91*s + 249. What is c(3)?
-24
Let g(t) = -6*t**2 - 1021*t - 2040. Determine g(-2).
-22
Let a(f) = 2*f**3 - 159*f**2 - 246*f + 221. Determine a(81).
-22
Let f(p) = -45*p - 5178. Determine f(-115).
-3
Let s(v) = 3*v**2 + 10*v - 19. Calculate s(4).
69
Let g(q) = q**3 - 45*q**2 + 235*q - 89. Give g(39).
-50
Let z(i) = i**3 - 37*i + 8. Give z(0).
8
Let h(t) = -t**2 + 24*t + 54. Determine h(23).
77
Let i(q) = 102*q - 5680. Give i(55).
-70
Let j(t) = 9*t**2 - 34*t - 4. What is j(-3)?
179
Let j(r) = -46*r + 19179. Calculate j(417).
-3
Let h(p) = 226*p + 2056. Determine h(-9).
22
Let k(j) = 40047*j + 480557. What is k(-12)?
-7
Let f(g) = -150*g - 7629. Determine f(-51).
21
Let v(g) = -g**3 - 9*g**2 - 54*g - 199. What is v(-5)?
-29
Let f(j) = 51*j + 1177. Determine f(-23).
4
Let q(t) = t**3 - 15*t**2 + 5*t + 26. Calculate q(15).
101
Let k(o) = 27692*o + 83071. Calculate k(-3).
-5
Let a(l) = -5*l**2 - 70*l + 133. Give a(-19).
-342
Let j(b) = b**3 + 17*b**2 + 45*b - 73. What is j(-13)?
18
Let n(a) = a**2 - 35*a + 37. What is n(36)?
73
Let u(d) = 2*d - 80. Calculate u(-12).
-104
Let l(j) = 460*j + 2305. What is l(-5)?
5
Let b(t) = t**3 - 51*t**2 - 98*t + 40. Give b(53).
464
Let a(g) = 10*g**2 + 4*g - 3. What is a(-5)?
227
Let y(p) = -p**2 - 346*p - 3035. Calculate y(-9).
-2
Let f(w) = -w**3 - 16*w**2 - 56*w + 26. What is f(-8)?
-38
Let t(p) = p**3 - 37*p**2 + 351*p - 171. Give t(19).
0
Let l(m) = -m**2 - 305*m + 16129. What is l(46)?
-17
Let s(k) = 8*k**2 + 3*k - 21. Determine s(3).
60
Let x(h) = h**2 + 16*h - 669. What is x(19)?
-4
Let z(j) = -34*j**2 - 373*j + 66. Calculate z(-11).
55
Let w(a) = -29*a**3 + 2*a**2 - 25*a + 4. Calculate w(2).
-270
Let l(k) = -k**2 + 30*k - 229. Give l(23).
-68
Let m(b) = -b**3 - 19*b**2 - b - 899. Determine m(-21).
4
Let u(f) = 3*f**3 + 86*f**2 - 30*f - 43. Give u(-29).
-14
Let w(k) = k**2 - 69*k + 1150. Calculate w(41).
2
Let h(j) = -128*j**2 - 6399*j + 57. Give h(-50).
7
Let j(d) = -80*d + 300. Calculate j(8).
-340
Let b(l) = 1154*l + 3402. Determine b(-3).
-60
Let u(v) = -3*v - 142. Give u(-43).
-13
Let w(t) = -971*t - 2927. Give w(-3).
-14
Let f(h) = h + 17. Calculate f(5).
22
Let z(l) = -22136*l - 110678. What is z(-5)?
2
Let r(n) = 2*n**3 - 4*n**2 - 85*n - 77. Determine r(8).
11
Let o(f) = 2*f**3 - 12*f**2 - 84*f + 467. Give o(6).
-37
Let r(j) = 28*j + 471. What is r(-17)?
-5
Let f(t) = -95*t**3 - 3*t**2 + 2*t. Calculate f(1).
-96
Let x(a) = a**3 + 15*a**2 + 30*a + 251. Determine x(-14).
27
Let v(d) = -15*d**3 + 125*d**2 - 212*d + 7. Calculate v(6).
-5
Let l(t) = -2595*t - 5190. Give l(-2).
0
Let j(u) = 460*u + 469. Determine j(-1).
9
Let m(h) = -h**2 - 7*h - 41. Determine m(-14).
-139
Let b(j) = -35*j - 2153. Calculate b(-63).
52
Let j(r) = 15*r**3 - 267*r**2 - 62*r + 140. What is j(18)?
-4
Let s(k) = -9*k - 206. Give s(-23).
1
Let i(f) = 62*f - 442. Calculate i(7).
-8
Let v(k) = k**2 - 68*k + 390. Calculate v(6).
18
Let i(h) = -h**3 + 16*h**2 - 58*h - 11. Calculate i(11).
-44
Let k(p) = -3*p**3 + 22*p**2 - 34*p + 68. Determine k(6).
8
Let d(c) = c**3 - 2*c**2 - 32*c - 111. Determine d(-5).
-126
Let s(o) = 163*o - 2759. Calculate s(17).
12
Let z(s) = -127*s + 154. Calculate z(2).
-100
Let z(j) = 2*j**3 - 18*j**2 + 5*j - 17. Determine z(9).
28
Let a(z) = -103*z - 410. Give a(-4).
2
Let i(u) = -5*u**3 + 98*u**2 + 40*u + 47. What is i(20)?
47
Let w(b) = -3*b**2 + 2*b + 67. What is w(5)?
2
Let p(w) = -260*w - 6234. Determine p(-24).
6
Let i(f) = -f**3 - 27*f**2 + 155*f + 3553. Determine i(-28).
-3
Let w(d) = 17*d + 146. Determine w(-11).
-41
Let r(y) = -33*y - 90. Calculate r(2).
-156
Let v(i) = 7*i**2 - 13*i - 8. Give v(7).
244
Let k(w) = w**3 - 14*w**2 - 49*w - 25. Give k(17).
9
Let h(u) = u**2 - 40*u + 319. What is h(27)?
-32
Let k(u) = u**3 - 3*u**2 - 11*u + 3. Give k(-3).
-18
Let o(b) = 3*b**3 - 12*b**2 + 21*b - 32. What is o(5)?
148
Let r(q) = 1182*q - 17727. What is r(15)?
3
Let x(m) = m**3 - 21*m**2 + 32*m - 221. Determine x(20).
19
Let i(z) = 20*z - 318. Determine i(12).
-78
Let j(v) = v**2 + 53*v + 517. Give j(-22).
-165
Let a(g) = g**3 - 11*g**2 - 239*g + 2640. Determine a(11).
11
Let r(g) = g**3 + 46*g**2 + 11*g + 502. Determine r(-46).
-4
Let f(z) = -221*z + 2855. Calculate f(13).
-18
Let a(s) = 6*s**2 - 65*s - 8. Determine a(11).
3
Let h(r) = r**3 + 2*r**2 - 146*r - 43. Calculate h(-13).
-4
Let k(y) = y**3 - 29*y**2 - 302*y - 665. Calculate k(-5).
-5
Let c(g) = -8*g**2 - 66*g - 29. What is c(-8)?
-13
Let g(o) = -o**3 + 2*o**2 + 20*o - 17. Determine g(-6).
151
Let k(a) = 64*a + 49. Calculate k(1).
113
Let c(j) = -j**2 + 84*j - 553. Give c(60).
887
Let t(i) = -i**3 - 12*i**2 - 5*i - 29. Calculate t(-12).
31
Let k(i) = -33*i**2 + 1755*i - 310. Determine k(53).
8
Let t(s) = 2*s**2 + 19*s - 230. What is t(-17)?
25
Let b(r) = 610*r + 51854. Give b(-85).
4
Let r(s) = 2*s**3 - 144*s**2 + 150*s - 583. Calculate r(71).
-15
Let f(i) = i**3 + 46*i**2 - 29. What is f(-46)?
-29
Let n(r) = -28*r - 323. Determine n(-11).
-15
Let c(s) = -s**2 - 35*s - 63. Calculate c(-35).
-63
Let z(o) = 2*o**3 - 70*o**2 - 7*o + 251. Determine z(35).
6
Let b(j) = -j**3 - 40*j**2 + 87*j + 76. Give b(-42).
-50
Let n(f) = 36*f - 1803. What is n(50)?
-3
Let i(t) = -t**2 + 17*t + 13. Give i(-6).
-125
Let q(o) = 3*o**3 - 170*o**2 - 45*o - 683. What is q(57)?
1
Let j(p) = p**3 + 158*p**2 + 166*p + 1422. What is j(-157)?
9
Let r(z) = z**3 + 2*z**2 + 5*z + 64. Determine r(-6).
-110
Let d(g) = -35*g**2 + 9*g - 5. What is d(1)?
-31
Let v(q) = -2*q**3 + 50*q**2 + 50*q + 43. Give v(26).
-9
Let n(f) = -18*f**2 + 26*f +